{"id":203397,"date":"2026-04-08T07:05:09","date_gmt":"2026-04-08T10:05:09","guid":{"rendered":"https:\/\/midassorte.com.br\/resultado\/?page_id=203397"},"modified":"2026-04-15T06:32:25","modified_gmt":"2026-04-15T09:32:25","slug":"pagina-menu-midassorte","status":"publish","type":"page","link":"https:\/\/midassorte.com.br\/resultado\/","title":{"rendered":"Resultados e Palpites de Loterias"},"content":{"rendered":"<p>\u2022\u2022\u2022<br \/>\n<span class=\"ms\">ESTAMOS AQUI!..h\u00e1 13 anos&#8230;  &#8220;Dia a dia&#8230;.Loteria a loteria&#8230;Divulgando Resultados e Palpites de Loterias!!!<\/span><br \/>\n<strong>N\u00c3O VENDEMOS JOGOS\/APOSTAS<\/strong> &#8211;<\/p>\n<p><strong>ATEN\u00c7\u00c3O<\/strong>:<br \/>\n  <span class=\"lf\">MIDASSORTE => N\u00c3O SOMOS, N\u00c3O TEMOS PLATAFORMA DE APOSTAS!!!<\/span>&#8230; (<strong><em>cuidado com imita\u00e7\u00f5es<\/em><\/strong>)<\/p>\n<hr>\n<p>\u2022\u2022\u2022<\/p>\n<hr \/>\n<p> <strong>Reflex\u00e3o MidasSorte<\/strong>:<br \/>\n<span class=\"ds\">&#8230;&#8221;  Ore para ter Sa\u00fade!&#8230; Trabalhe para ter Dinheiro!&#8230; O maior Patrim\u00f4nio \u00e9 o Tempo, gaste-o, inteligentemente, a seu favor!&#8230;&#8221;<\/span><br \/>\n<strong>Midassorte: Trabalho e Sorte!!!<\/strong><\/p>\n<hr \/>\n<p>==== <a href=\"https:\/\/midassorte.com.br\/resultado\/category\/voce-e-bom-de-palpite-participe-aqui\/\"><strong>P\u00c1GINAS ESPEC\u00cdFICAS PARA PALPITES &#8211; ACESSE AQUI<\/strong><\/a><\/p>\n<hr \/>\n<hr>\n<p><strong><span class=\"lf\">PRECEITO MIDASSORTE &#8211;  <a href=\"https:\/\/midassorte.com.br\/resultado\/que-e-midassorte-apresentacao\/\"><strong>Site de Resultados e Palpites de Loterias<\/strong><\/a>: <\/span><br \/>\nEm Jogos, Insista, Persista, N\u00e3o Desista. Por\u00e9m, JOGUE COM MODERA\u00c7\u00c3O!<br \/>\n<em><span class=\"lm\">&#8220;Fa\u00e7a do jogo uma atividade de lazer e entretenimento&#8221;<\/span><\/em><\/strong><\/p>\n<p><span class=\"ds\">Aten\u00e7\u00e3o: Em nosso site, <a href=\"http:\/\/midassorte.com.br\/resultado\/\" target=\"_blank\" rel=\"noopener noreferrer\">midassorte.com.br<\/a>. N\u00e3o temos promo\u00e7\u00f5es por telefone\/mensagens e n\u00e3o fazemos quaisquer contatos\/\u00e1udio por telefone.<\/span> <strong>N\u00c3O VENDEMOS JOGOS\/APOSTAS<\/strong>!.<br \/>\nNosso trabalho consiste em divulga\u00e7\u00e3o de Resultados e Palpites de Loterias, atrav\u00e9s do Site.<br \/>\nFazemos, tamb\u00e9m, um trabalho de Publicidade. <strong>ATEN\u00c7\u00c3O: Cada An\u00fancio veiculado possui seu Site respons\u00e1vel<\/strong>.<\/p>\n<h2><strong>Nossos \u00daNICOS canais de comunica\u00e7\u00e3o, para Resultados e Palpites de Loterias, s\u00e3o:<\/h2>\n<p>\u2022\u2022\u2022 E-MAIL: midasgarante@gmail.com<br \/>\n\u2022\u2022\u2022 WHATSAPP: MidasSorte: 55 31 9 7524 8524.<\/strong><\/p>\n<p>\u2022\u2022\u2022\u2022\u2022\u2022\u2022\u2022\u2022 <\/p>\n<hr \/>\n<hr \/>\n<p><strong>SORTEIOS  &#8212;  LOTERIA FEDERAL &#8212; ATUAIS&#8230;..   <\/strong><\/p>\n<p>\u2022\u2022 <strong>20:00h<\/strong> &#8230; QUARTAS e S\u00c1BADOS<\/p>\n<p><a href=\"https:\/\/midassorte.com.br\/resultado\/resultado-sorteio-da-federal-quarta-15-04-informacao\/\"><strong> LOTERIA FEDERAL &#8211; Extra\u00e7\u00e3o 6057<\/strong><\/a><\/p>\n<hr \/>\n<hr \/>\n<p><strong>SORTEIOS  &#8212; &#8211;  &#8211; DOMINGOS &#8212;<\/strong><\/p>\n<p>\u2022\u2022 <strong>11:00h e 19:45h<\/strong><\/p>\n<p><a href=\"https:\/\/midassorte.com.br\/resultado\/resultado-tele-sena-2026-edicoes-semanais-confira\/\"><strong>TELE SENA DE P\u00c1SCOA 2026 e Sorteios Semanais.<\/strong><\/a><\/p>\n<hr \/>\n<hr \/>\n<p><strong>SORTEIOS  &#8212;  ATUAIS DE CADA LOTERIA&#8230;.<\/strong><br \/>\n\u2022\u2022 <strong>21:00h<\/strong><\/p>\n<p><a href=\"https:\/\/midassorte.com.br\/resultado\/resultado-timemania-informacao-midassorte\/\"><strong> TIMEMANIA &#8212; TER\u00c7AS\/QUINTAS\/S\u00c1BADOS<\/strong><\/a><\/p>\n<hr \/>\n<p><a href=\"https:\/\/midassorte.com.br\/resultado\/resultado-dia-de-sorte-informacao-midassorte\/\"><strong> DIA DE SORTE &#8212; TER\u00c7AS\/QUINTAS\/S\u00c1BADOS <\/strong><\/a><\/p>\n<hr \/>\n<p><a href=\"https:\/\/midassorte.com.br\/resultado\/resultado-super-sete-informacao-midassorte\/\"><strong> SUPER SETE &#8212; SEGUNDAS\/QUARTAS\/SEXTAS<\/strong><\/a><\/p>\n<hr \/>\n<p><a href=\"https:\/\/midassorte.com.br\/resultado\/resultado-lotomania-informacao-midassorte\/\"><strong> LOTOMANIA &#8211; SEGUNDAS\/QUARTAS\/SEXTAS <\/strong><\/a><\/p>\n<hr \/>\n<p><a href=\"https:\/\/midassorte.com.br\/resultado\/resultado-dupla-sena-informacao-midassorte\/\"><strong> DUPLA SENA &#8211; SEGUNDAS\/QUARTAS\/SEXTAS <\/strong><\/a><\/p>\n<hr \/>\n<p><a href=\"https:\/\/midassorte.com.br\/resultado\/resultado-lotofacil-informacao-midassorte\/\"><strong> LOTOF\u00c1CIL &#8212; SORTEIOS DI\u00c1RIOS<\/strong><\/a><\/p>\n<hr \/>\n<p><a href=\"https:\/\/midassorte.com.br\/resultado\/resultado-quina-informacao-midassorte\/\"><strong> QUINA &#8212; SORTEIOS DI\u00c1RIOS <\/strong><\/a><\/p>\n<hr \/>\n<p><a href=\"https:\/\/midassorte.com.br\/resultado\/resultado-milionaria-informacao-midassorte\/\"><strong> + MILION\u00c1RIA &#8212; QUARTAS\/S\u00c1BADOS<\/strong><\/a><\/p>\n<hr \/>\n<p><a href=\"https:\/\/midassorte.com.br\/resultado\/resultado-mega-sena-informacao-midassorte\/\"><strong> MEGA SENA &#8212; TER\u00c7AS\/QUINTAS\/S\u00c1BADOS <\/strong><\/a><\/p>\n<hr \/>\n<p>\u2022\u2022\u2022\u2022\u2022.  <strong>RESULTADOS DE DIAS ANTERIORES<\/strong> ==<\/p>\n<p><a href=\"https:\/\/midassorte.com.br\/resultado\/resultado-sorteio-da-federal-sabado-11-04-informacao\/\"><strong> LOTERIA FEDERAL &#8211; Extra\u00e7\u00e3o 6056<\/strong><\/a><\/p>\n<hr \/>\n<hr \/>\n<hr \/>\n<p>==== <a href=\"https:\/\/midassorte.com.br\/resultado\/category\/lotofacil-3\/\"><strong>LOTOF\u00c1CIL<\/strong><\/a><\/p>\n<hr \/>\n<hr \/>\n<p>==== <a href=\"https:\/\/midassorte.com.br\/resultado\/category\/mega-sena\/\"><strong>MEGA SENA<\/strong><\/a><\/p>\n<hr \/>\n<hr \/>\n<p>==== <a href=\"https:\/\/midassorte.com.br\/resultado\/category\/quina-2\/\"><strong>QUINA<\/strong><\/a><\/p>\n<hr \/>\n<hr \/>\n<p>==== <a href=\"https:\/\/midassorte.com.br\/resultado\/category\/resultados-da-lotomania\/\"><strong>LOTOMANIA<\/strong><\/a><\/p>\n<hr \/>\n<hr \/>\n<p>==== <a href=\"https:\/\/midassorte.com.br\/resultado\/category\/dupla-sena\/\"><strong>DUPLA SENA<\/strong><\/a><\/p>\n<hr \/>\n<hr \/>\n<p>==== <a href=\"https:\/\/midassorte.com.br\/resultado\/category\/dia-de-sorte\/\"><strong>DIA DE SORTE<\/strong><\/a><\/p>\n<hr \/>\n<hr \/>\n<p>==== <a href=\"https:\/\/midassorte.com.br\/resultado\/category\/timemania\/\"><strong>TIMEMANIA<\/strong><\/a><\/p>\n<hr \/>\n<hr \/>\n<p>==== <a href=\"https:\/\/midassorte.com.br\/resultado\/category\/super-sete\/\"><strong>SUPER SETE<\/strong><\/a><\/p>\n<hr \/>\n<hr \/>\n<p>==== <a href=\"https:\/\/midassorte.com.br\/resultado\/category\/mais-milionaria\/\"><strong>+ MILION\u00c1RIA<\/strong><\/a><\/p>\n<hr \/>\n<hr \/>\n<p>==== <a href=\"https:\/\/midassorte.com.br\/resultado\/category\/tele-sena\/\"><strong>TELE SENA<\/strong><\/a><\/p>\n<hr \/>\n<hr \/>\n<p>==== <a href=\"https:\/\/midassorte.com.br\/resultado\/category\/voce-e-bom-de-palpite-participe-aqui\/\"><strong>P\u00c1GINAS ESPEC\u00cdFICAS PARA PALPITES<\/strong><\/a><\/p>\n<hr \/>\n<hr \/>\n<hr \/>\n<ins class=\"adsbygoogle\"\n     style=\"display:block;min-height:100px\"\n     data-ad-client=\"ca-pub-2731125202615360\"\n     data-ad-slot=\"5848493679\"\n     data-ad-format=\"auto\"\n     data-full-width-responsive=\"true\"><\/ins>\n<hr \/>\n<p>MidasSorte&#8230;dia a dia, loteria a loteria! Boa Sorte!!!<br \/>\nEditor Respons\u00e1vel:  <em>Jos\u00e9 Raimundo Vieira<\/em>.<br \/>\n<strong>Aviso de exonera\u00e7\u00e3o de responsabilidade de terceiros<\/strong><\/p>\n<p><strong>A Caixa Econ\u00f4mica Federal &#8211; CEF, institui\u00e7\u00e3o financeira sob a forma de empresa p\u00fablica, n\u00e3o possui qualquer v\u00ednculo ou responsabilidade sobre este site, que \u00e9 uma iniciativa \u00fanica e exclusiva dos administradores do www.midassorte.com.br<\/strong><\/p>\n","protected":false},"excerpt":{"rendered":"<p>\u2022\u2022\u2022 ESTAMOS AQUI!..h\u00e1 13 anos&#8230; &#8220;Dia a dia&#8230;.Loteria a loteria&#8230;Divulgando Resultados e Palpites de Loterias!!! N\u00c3O VENDEMOS JOGOS\/APOSTAS &#8211; ATEN\u00c7\u00c3O: MIDASSORTE => N\u00c3O SOMOS, N\u00c3O TEMOS PLATAFORMA DE APOSTAS!!!&#8230; (cuidado com imita\u00e7\u00f5es) \u2022\u2022\u2022 Reflex\u00e3o MidasSorte: &#8230;&#8221; Ore para ter Sa\u00fade!&#8230; &hellip; <a href=\"https:\/\/midassorte.com.br\/resultado\/\">Continuar lendo <span class=\"meta-nav\">&rarr;<\/span><\/a><\/p>\n","protected":false},"author":1,"featured_media":284541,"parent":0,"menu_order":0,"comment_status":"closed","ping_status":"closed","template":"","meta":{"footnotes":""},"class_list":["post-203397","page","type-page","status-publish","has-post-thumbnail","hentry"],"_links":{"self":[{"href":"https:\/\/midassorte.com.br\/resultado\/wp-json\/wp\/v2\/pages\/203397","targetHints":{"allow":["GET"]}}],"collection":[{"href":"https:\/\/midassorte.com.br\/resultado\/wp-json\/wp\/v2\/pages"}],"about":[{"href":"https:\/\/midassorte.com.br\/resultado\/wp-json\/wp\/v2\/types\/page"}],"author":[{"embeddable":true,"href":"https:\/\/midassorte.com.br\/resultado\/wp-json\/wp\/v2\/users\/1"}],"replies":[{"embeddable":true,"href":"https:\/\/midassorte.com.br\/resultado\/wp-json\/wp\/v2\/comments?post=203397"}],"version-history":[{"count":2,"href":"https:\/\/midassorte.com.br\/resultado\/wp-json\/wp\/v2\/pages\/203397\/revisions"}],"predecessor-version":[{"id":411339,"href":"https:\/\/midassorte.com.br\/resultado\/wp-json\/wp\/v2\/pages\/203397\/revisions\/411339"}],"wp:featuredmedia":[{"embeddable":true,"href":"https:\/\/midassorte.com.br\/resultado\/wp-json\/wp\/v2\/media\/284541"}],"wp:attachment":[{"href":"https:\/\/midassorte.com.br\/resultado\/wp-json\/wp\/v2\/media?parent=203397"}],"curies":[{"name":"wp","href":"https:\/\/api.w.org\/{rel}","templated":true}]}}